{"version":"1.0","provider_name":"Den architektury","provider_url":"https:\/\/www.denarchitektury.cz\/en\/","title":"BRNO \u2013 101 YEARS OF KAMENKA &#8212; Den architektury","type":"rich","width":600,"height":338,"html":"<blockquote class=\"wp-embedded-content\" data-secret=\"USj0Y9JMPm\"><a href=\"https:\/\/www.denarchitektury.cz\/en\/program\/brno-101-years-of-kamenka\/\">BRNO \u2013 101 YEARS OF KAMENKA<\/a><\/blockquote><iframe sandbox=\"allow-scripts\" security=\"restricted\" src=\"https:\/\/www.denarchitektury.cz\/en\/program\/brno-101-years-of-kamenka\/embed\/#?secret=USj0Y9JMPm\" width=\"600\" height=\"338\" title=\"&#8220;BRNO \u2013 101 YEARS OF KAMENKA&#8221; &#8212; Den architektury\" data-secret=\"USj0Y9JMPm\" frameborder=\"0\" marginwidth=\"0\" marginheight=\"0\" scrolling=\"no\" class=\"wp-embedded-content\"><\/iframe><script>\n\/*! This file is auto-generated *\/\n!function(d,l){\"use strict\";l.querySelector&&d.addEventListener&&\"undefined\"!=typeof URL&&(d.wp=d.wp||{},d.wp.receiveEmbedMessage||(d.wp.receiveEmbedMessage=function(e){var t=e.data;if((t||t.secret||t.message||t.value)&&!\/[^a-zA-Z0-9]\/.test(t.secret)){for(var s,r,n,a=l.querySelectorAll('iframe[data-secret=\"'+t.secret+'\"]'),o=l.querySelectorAll('blockquote[data-secret=\"'+t.secret+'\"]'),c=new RegExp(\"^https?:$\",\"i\"),i=0;i<o.length;i++)o[i].style.display=\"none\";for(i=0;i<a.length;i++)s=a[i],e.source===s.contentWindow&&(s.removeAttribute(\"style\"),\"height\"===t.message?(1e3<(r=parseInt(t.value,10))?r=1e3:~~r<200&&(r=200),s.height=r):\"link\"===t.message&&(r=new URL(s.getAttribute(\"src\")),n=new URL(t.value),c.test(n.protocol))&&n.host===r.host&&l.activeElement===s&&(d.top.location.href=t.value))}},d.addEventListener(\"message\",d.wp.receiveEmbedMessage,!1),l.addEventListener(\"DOMContentLoaded\",function(){for(var e,t,s=l.querySelectorAll(\"iframe.wp-embedded-content\"),r=0;r<s.length;r++)(t=(e=s[r]).getAttribute(\"data-secret\"))||(t=Math.random().toString(36).substring(2,12),e.src+=\"#?secret=\"+t,e.setAttribute(\"data-secret\",t)),e.contentWindow.postMessage({message:\"ready\",secret:t},\"*\")},!1)))}(window,document);\n\/\/# sourceURL=https:\/\/www.denarchitektury.cz\/wp-includes\/js\/wp-embed.min.js\n<\/script>\n","thumbnail_url":"https:\/\/www.denarchitektury.cz\/wp-content\/uploads\/DA26_Brno_-101-let-kamenky-Babincakova-1-Babincakova-jpg-500x333.png","thumbnail_width":500,"thumbnail_height":333,"description":"From an emergency housing colony to a sought-after neighbourhood with Martina Babin\u010d\u00e1kov\u00e1 and Pavel Ko\u0161\u0165\u00e1l, curators of the exhibition From Skala to Kamenka. The first modest workers\u2019 houses began to appear on the rock above the Svratka River in the 1920s as a consequence of the housing crisis. We are facing a housing crisis again [&hellip;]"}

From an emergency housing colony to a sought-after neighbourhood with Martina Babinčáková and Pavel Košťál, curators of the exhibition From Skala to Kamenka. The first modest workers’ houses began to appear on the rock above the Svratka River in the 1920s as a consequence of the housing crisis. We are facing a housing crisis again [&hellip;]
